pose 270 = 6*v - l. What are the prime factors of v?
223
Suppose 12 = -5*x + 3*w, -7 + 19 = 4*x + 3*w. Suppose a = -j - 0*j + 280, x = 5*j + a - 1384. Suppose j = -7*v + 696. List the prime factors of v.
2, 3, 5
Let x(w) = -3*w**3 + 3*w**2 + 7*w - 2. Let b be x(-5). Let d = 1256 + -615. Let m = d - b. What are the prime factors of m?
2, 3, 19
Let c = -4 + 8. Let f be (2/(-11) + 645/946)*14. Suppose 150 = -c*r + f*r. List the prime factors of r.
2, 5
Suppose 621 = -18*h + 21*h. What are the prime factors of 130/1*h/115?
2, 3, 13
Suppose 18*w - 18707 - 60933 = 28594. List the prime factors of w.
7, 859
Suppose 5*f = 2*o - 803 - 21674, -2*f - 67418 = -6*o. What are the prime factors of o?
2, 53
Suppose -4*y = -3*l + 33, -44 = -5*l - 0*l + 3*y. Suppose 2*w - 7*w = 0. Suppose w = -5*m + l*m - 72. What are the prime factors of m?
2, 3
Let c(q) = 52*q**3 + 4*q**2 - 18*q + 310. List the prime factors of c(10).
2, 3, 5, 17, 103
List the prime factors of ((-5)/((-30)/129678))/(-28 + 29).
21613
Let f(b) = b**2 + 5*b - 3. Let q be f(-5). Let l be (4 + 8)*4/q. Let a = 108 + l. List the prime factors of a.
2, 23
Suppose -21700 - 11276 = -12*n. List the prime factors of n.
2, 3, 229
Let n = 66534 - 45378. What are the prime factors of n?
2, 3, 41, 43
Let v(r) = -r**3 + 6*r**2 - 2*r + 14. Let a be v(6). Let j(m) = -m**3 + 2*m**2 + m. Let n be j(a). Suppose -n*p - 74 = -216. What are the prime factors of p?
71
Let k = 37799 - 17855. What are the prime factors of k?
2, 3, 277
Let v be (-1069)/((-3)/2 + (-2)/(-2)). Suppose -23*h + v + 714 = 0. What are the prime factors of h?
2, 31
Let i = 10341 - 5177. What are the prime factors of i?
2, 1291
Let v(y) = -744*y - 1043. List the prime factors of v(-22).
5, 613
Suppose -13*d + 816 = -9*d. Let b = -93 + d. List the prime factors of b.
3, 37
Let z = 44821 - 28398. What are the prime factors of z?
11, 1493
List the prime factors of (-45 + (-128)/8)/((6 + -3)/(-684)).
2, 3, 19, 61
Suppose 120 = -7*j + 12*j. Let n(a) = -2*a + j + a**2 + a - 64. What are the prime factors of n(-13)?
2, 71
Let x = 114 - -12424. What are the prime factors of x?
2, 6269
Let s(n) = -14*n - 14. Let q be s(-1). What are the prime factors of (-6 - -3) + q + 200/2?
97
Let d(t) = 5*t**3 + 7*t**2 + 7*t - 9. Let z be (3 + 1)*(-57)/(-76). What are the prime factors of d(z)?
2, 3, 5, 7
Suppose 4*t = 2*c + 18, -2*t - 1 - 5 = 2*c. Let r be (11/6 - t) + (-5222)/(-12). Suppose 351 = 4*k - 3*s, -3*s = 2*k - 7*k + r. What are the prime factors of k?
2, 3, 7
Suppose 0 = -23*z + 17*z + 2868. Suppose -10 = 5*x, 2*h + 4*x - z = -x. Suppose -6*p - h = -1006. List the prime factors of p.
127
Suppose 0 = -39*g + 52*g + 39. What are the prime factors of -4*12/(-64)*(-3112)/g?
2, 389
Let s = 926 + -908. Let w = 19 + -82. What are the prime factors of (-14)/w - (-356)/s?
2, 5
Let m(f) = f**3 - 13*f**2 + 28*f + 8. Let o be m(10). What are the prime factors of (-2)/o + 99411/234?
5, 17
Let z be -14*(-4)/8*14. Let v = 157 - z. What are the prime factors of v?
59
Let p be 13 + 15 + (6 - 1). Let y(q) = 2*q**3 - 66*q**2 + 20*q - 29. List the prime factors of y(p).
631
Suppose 2*m = -h - 14, 0 = -4*h + 4*m + m - 69. Let v = h + 17. Suppose d + n + v - 94 = 0, d = n + 91. List the prime factors of d.
2, 23
Suppose 2*i - 4 = 4*m - 2, 5*m = 3*i - 5. Suppose -m*h - 10 + 4 = 0. Let z(q) = -10*q + 26. List the prime factors of z(h).
2, 7
Let t be (-18)/(-45)*(-65)/(-2). Let f(g) = -t*g + 11*g - 3 - 13*g. List the prime factors of f(-8).
3, 13
Suppose 3*n = -5*x + 89246, -9*n + 6*n + 5*x + 89296 = 0. What are the prime factors of n?
3, 7, 13, 109
Let i be 101/4 - 50/40. What are the prime factors of -1 + (-2 - 0) + (889 - i)?
2, 431
Suppose -5*d + j + 172 = -5, -99 = -3*d + 3*j. Suppose -27 = 3*s + d. Let p = 38 - s. List the prime factors of p.
59
Let f be (-12 + -3)*(-2 + (-8)/(-6)). Let t = -61 + f. Let y = t + 96. List the prime factors of y.
3, 5
Let k be ((-39)/(-52)*16/6)/2. List the prime factors of (11 - 4)/(k/11).
7, 11
List the prime factors of 17598*(-8)/8*(-5)/15.
2, 7, 419
Let m(a) = 90*a**2 - 57*a - 1055. List the prime factors of m(-15).
2, 5, 401
Let o(v) = 519*v**2 - 70*v + 266. What are the prime factors of o(4)?
2, 5, 829
What are the prime factors of 69896/12 + 74/(-111)?
2, 7, 13
Let c(n) be the second derivative of -5*n**4/6 - 17*n**3/6 - 5*n**2 + 13*n. Let w(k) be the first derivative of c(k). List the prime factors of w(-6).
103
Let o(j) = j**2 - 11*j - 95. Let m be o(17). Suppose m*f = 3764 + 8003. List the prime factors of f.
41
Let m = -12 - -14. Let h be (-3 + 34/10)/(m/(-100)). List the prime factors of (-15)/h*(318/2 - -1).
2, 3, 5
Let t(m) = 6*m + 8*m - 25*m + 5*m + 140. Let z(h) = 2*h - 47. Let c(k) = -3*t(k) - 10*z(k). What are the prime factors of c(-19)?
2, 11
Let l = -62 - -42. Let m be 605 - l/((-20)/(-4)). Suppose 0 = 11*q - 579 - m. What are the prime factors of q?
2, 3
Let a = 4337 + -3223. List the prime factors of a.
2, 557
What are the prime factors of (3 + (-1953)/(-28))*344/3?
2, 43, 97
Let q(b) = -2*b**2 - 8*b - 15. Let w be q(-2). Let y(u) = -u**3 + 11*u**2 + 21*u + 4. List the prime factors of y(w).
739
Let l = -31029 + 53796. What are the prime factors of l?
3, 7589
Let c(u) = 4*u - 6. Let o be c(2). Suppose 0 = 11*q - 10*q - o. Suppose 11 = q*a - 103. List the prime factors of a.
3, 19
Suppose 24*a - 42 = 30*a. What are the prime factors of -2 - -1312 - a/((-42)/24)?
2, 653
Let m(f) = -f**3 - 13*f**2 - 21*f + 18. Let l be m(-11). Suppose -l*o - 5*o = -432. Suppose -b + 228 = 5*s - 3*b, 0 = s + 2*b - o. List the prime factors of s.
2, 11
Suppose -164 = -4*d + 108. Let z = 41 + d. List the prime factors of z.
109
Let i(q) = -q**3 + 14*q**2 - 24*q - 3. Let s be i(12). Let g be -3*(-3 + 188/s). Let m = 390 - g. List the prime factors of m.
193
Let d(t) = -t**2 - 20*t - 19. Let o(x) = -x**2 - 19*x - 17. Let u(c) = 3*d(c) - 2*o(c). List the prime factors of u(-11).
2, 7
Let g(l) = 6*l**2 - 196*l + 133. What are the prime factors of g(-25)?
8783
Let b(p) = p**2 - 7*p + 3. Suppose 0 = -8*s + 236 - 36. List the prime factors of b(s).
3, 151
Let k be ((-448)/24)/(7/(-21)). Let b = k - -12. What are the prime factors of b?
2, 17
Suppose t + 87 = z, 2*t = -2*t - 20. Suppose -530 = -4*v - z. Suppose 44 + v = 3*h. List the prime factors of h.
2, 13
Suppose -3*s + 2*y + 19452 = s, 0 = 2*y. What are the prime factors of s?
3, 1621
Let d(y) = 5*y**3 + 4*y**2 - 3*y - 2. Let u be d(1). Suppose 3*l = -u*w + 1637, 4*w - 2*l - 1745 + 123 = 0. What are the prime factors of w?
11, 37
Let y(f) be the first derivative of -57*f**2/2 - 33*f + 9. What are the prime factors of y(-12)?
3, 7, 31
Let t(m) be the second derivative of -80*m**3/3 + 17*m**2/2 + 63*m. What are the prime factors of t(-2)?
337
Let k(o) = 2*o**2 - o + 8. Suppose 9*q = 13*q + 20. Let n be k(q). Let l = n + -49. List the prime factors of l.
2, 7
Let l = -111 + 111. Suppose 2*o = -2*v, 3*o + 2*v + 2 - 4 = l. What are the prime factors of 9780/66 - o/11?
2, 37
Let d = 18 + -13. Let k = d - -36. Let c = -7 + k. List the prime factors of c.
2, 17
Let v = -43 - -45. Let i(y) = y**2 + 1. Let j be i(v). Let t(r) = 21*r - 5. What are the prime factors of t(j)?
2, 5
Let m = -20 + 34. Let g be 6 - (m + -15)/(1/(-4)). List the prime factors of 331/3 - g/6.
2, 5, 11
Suppose 5*p + 5*l - 42960 = 0, -25774 = -p - 2*p - 5*l. What are the prime factors of p?
13, 661
Let k(a) = a**3 - 90*a**2 - 101*a + 59. What are the prime factors of k(93)?
37, 449
Let f = 3275 - -4505. What are the prime factors of f?
2, 5, 389
Let d = 26393 + 2347. List the prime factors of d.
2, 3, 5, 479
Let y be (-6)/3*((-327)/6)/1. Suppose -108*f - 82 = -y*f. What are the prime factors of f?
2, 41
Let z(r) = -211*r**2 - r**3 + 6 - 2*r - 7*r + 217*r**2. Let v be z(4). Suppose -146 = -v*c + 4*h, 3*c + 2*h = -3*h + 263. What are the prime factors of c?
3
List the prime factors of (-13 - 616/(-42)) + (-50286)/(-9).
3, 23
Suppose 2*h + 3*w + 64476 = 0, -5*h + 2*w = 7*w + 161195. List the prime factors of h/(-99) - (-5)/(-3).
2, 3
Let b(k) = 25*k**3 + 73*k**2 - 578*k - 4. List the prime factors of b(9).
2, 4733
List the prime factors of 1956/(-16)*(-4 - 6) + 3/6.
1223
Suppose 15 = -t - 3*p - 3, t - 14 = 5*p. List the prime factors 